5) + 16 + (2 - 6)
-7
-5 + -2 - (3 + -23)
13
Calculate (-129 - -130) + (-4 - ((2 - 3) + 0)).
-2
Calculate 2 - ((-12 + 10 - (-2 + 1)) + -2).
5
What is the value of -6 + 19 + (-10 - 2)?
1
What is the value of 120 + -131 - ((-3 - -1) + 7)?
-16
Evaluate -1 + 1 - (5 + -15 + 0).
10
Evaluate 5 - (-9 - (6 + -5)) - (-2 - -8).
9
What is the value of 10 - (-6 - (-11 + (-4 - -9) + 5))?
15
What is the value of -4 + (-14 + 48 - 48)?
-18
-4 + -1 + 22 - (6 - 5 - -4)
12
Evaluate (-7 - (-6 - -27)) + 0 + -1 + 6.
-23
Evaluate 2 + (-29 - -21 - -10).
4
What is the value of 8 + -33 - -40 - 35?
-20
What is -1 + 3 - (-8 - -18)?
-8
What is the value of (20 - (12 + -19)) + -23?
4
What is the value of 13 + -12 - (-1 + -1 + -4)?
7
-16 + (-5 - (7 + (3 - 7) + 0))
-24
What is 4 + 38 - (95 - 37)?
-16
What is 6 + 0 + (60 - 72) + -8 + -6?
-20
What is the value of -1 + 9 + 0 + -4 + 26 + -3?
27
(-70 - (-54 + 0)) + 0 + 1
-15
(3 + (21 - 10) - 13) + (1 - 2)
0
Evaluate -11 + (3 - (-4 - 3 - -18)).
-19
What is -5 + 7 + (18 - 16 - (0 - -2))?
2
Calculate 2 + 2 + -7 + -3.
-6
2 + (-1 - -9 - -1) + (-2049 - -2049)
11
-5 + -6 + 0 + (30 - (12 - 0))
7
What is the value of -14 + (10 - 2) - -12?
6
11 - (-2 + 3) - 7 - -2
5
What is the value of (-6 - 1) + -3 - (-22 - -18)?
-6
What is the value of 0 - 12 - (30 - 23 - -2)?
-21
-3 - 1 - ((-23 - -60) + -34)
-7
Calculate 4 - -14 - ((-9 - -10) + -5) - -4.
26
What is -2 + (-2 - -13) - (63 - 48)?
-6
(3 - (9 + -8 - (-6 + 1))) + -10
-13
What is (31 - 1) + (31 - 50) - -27?
38
15 - (9 + -6 - (1 + 5 + 3))
21
What is the value of 1 + 0 + (-53 + -20 - -69)?
-3
What is the value of 7 + 2 + (-3 + 14 - 19 - -2)?
3
Calculate 79 + -91 + (9 - 1) - -4.
0
(-2 + -12 - -11) + 1
-2
2 - 0 - (13 + (-36 - -15))
10
Evaluate -13 - (-31 + 46 + -19).
-9
What is the value of -29 + 13 - (13 - 18)?
-11
(-12 - (6 - 15)) + (-1 - -8)
4
-120 - -21 - -100 - (-1 + (-31 - -1))
32
What is -17 + 1 + -1 + (30 - -5 - 29)?
-11
-6 - (11 - ((20 - 7) + -11))
-15
Evaluate 0 + -2 + 211 + -203.
6
What is the value of 26 - 31 - ((1 - 5) + (-25 - -1))?
23
What is the value of 0 + 5 - (13 + 39 + -14 - 16)?
-17
What is the value of 6 + (-13 - -7) - -8?
8
-240 + 301 - (21 + 2)
38
What is -32 + (1 - (-6 - (3 + 6 + -17)))?
-33
What is (-17 - (15 - 27)) + 1 + 6 + 1?
3
Evaluate 3 - (6 + -4 + -14 + 5).
10
Evaluate -4 + (6 + 4 + -18 - -15).
3
What is 2 + 29 - (358 - 320)?
-7
Evaluate -53 + 25 + 6 - (-4 + 11 - -1).
-30
What is -2 - (-12 + 4) - -2 - -6?
14
Calculate 17 - (-61 + 58 + (1 - 1) + 1).
19
Calculate -4 - (9 + -23 - -13).
-3
What is 35 + 5 + (-35 - -20)?
25
Calculate 10 + (0 - 9) - (-13 - -7).
7
Evaluate (38 - (24 - 3)) + -41.
-24
-9 - (16 - (3 - -12))
-10
Calculate -1 + -22 - (-127 + 110).
-6
Evaluate 13 - (31 + (-33 - -10)).
5
What is -15 + 3 - (-31 - (-9 - 17))?
-7
Evaluate (65 - 76) + (-3 - 0).
-14
What is -7 - ((-29 - -2) + (18 + -7 - 3))?
12
Calculate (5 - (-10 + -2)) + -24.
-7
What is -5 - 4 - (24 + -30)?
-3
What is 40 - 33 - 36 - -19?
-10
Evaluate (2 - -1) + 0 + (-557 - -537).
-17
Evaluate -15 + (80 + -66 - (0 - 0)).
-1
Calculate -9 + 6 - (-5 + 3 + (-30 - 3)).
32
What is 2 - ((5 - 12) + 14 + 10)?
-15
Calculate 10 - (13 + (10 - 22)).
9
-24 + 30 + (1 - -1) + 10 + -22
-4
What is the value of -19 + 20 + 1 + 14?
16
What is 10 + 7 + (14 - 11) + -17?
3
What is 43 - (26 + -24 + 10)?
31
Calculate -10 + (-11 - -17) - (4 - 2) - 6.
-12
Evaluate (1 - -8) + 9 + -13 + 8.
13
What is 4 + -12 + 19 + -22 + 2 + 9?
0
What is -9 - (-12 + 15 + -5 - -20)?
-27
What is the value of -24 + 4 - -18 - 13?
-15
(19 - (7 - -6) - 18) + (-6 - 1)
-19
What is 18 - (5 + (1 - -4 - -2) + -10)?
16
What is the value of 54 + -49 - (19 + (-1 - (3 + -3)))?
-13
What is the value of 6 + (3 - (0 - 8 - -8))?
9
-110 - -118 - (15 - -3 - -2)
-12
What is 9 + 1 + 0 + 24 + -28?
6
Calculate 42 - ((75 - 21) + -7).
-5
Calculate (-36 + 22 - -13) + -5 + 1.
-5
What is -42 - 14 - -47 - (1 + -15)?
5
Calculate 0 - (-127 + 125 - (1 - 1)).
2
What is (10 - -4) + 1 + -4 + -2?
9
16 + -6 + -14 + 6 - (0 - 0)
2
What is the value of 29 + 0 + (837 - 840)?
26
Evaluate -7 + -16 + 55 + -22.
10
Calculate 27 - (-9 + 16) - 8.
12
Calculate 141 + -128 - (-7 + 40).
-20
Calculate 0 + (1 - (-6 + 4 + 6)) + 9.
6
Evaluate 102 + -91 + (1 - -4 - 1).
15
What is 19 + -5 + (0 - 36) + -4?
-26
What is the value of (-1 - (-4 - -2)) + -7 + -5?
-11
(-15 - -9 - -2) + -5 - (-13 - 1)
5
What is 13 + -1 + (-638 - -596)?
-30
What is 0 + 4 + 0 + -198 + 188?
-6
-1 - (9 + -4) - -1 - (3 + -13)
5
Evaluate (1 - 5 - -21) + (-3 - -10) + -7.
17
(-8 - (3 + -5) - (-9 + -4)) + -17
-10
What is the value of (2 - (5 - 6 - -1)) + 11?
13
-11 - -17 - (27 - 10) - 19
-30
What is the value of 19 + (-7 - -6) + -5 - (-4 - -9)?
8
9 - (-8 - (-6 + -10))
1
-440 + 442 + 2 + 8 + 2
14
What is 12 + (0 - 8) - (6 + 6)?
-8
What is the value of 9 + (-3 - (0 - (-1 + 1))) - 0?
6
What is (9 - 1) + 0 + 5 + -6?
7
What is 16 + (3 - 7 - (-5 - 8))?
25
What is 11 - (-8 - (-22 + 6 + -13 + 15))?
5
Calculate -13 + (-6 - -5) + 20.
6
Evaluate (939 - 935) + (1 + -38 - 3).
-36
Evaluate -11 - (9 - 9 - -10 - 21).
0
What is 31 - 32 - (-1 + (-2 - -5) - 6)?
3
Calculate 1 - (14 + -4 + -5) - (1 - -10).
-15
What is the value of 0 + 5 + -20 - ((8 - 5) + -8)?
-10
-6 + 9 + (-6 + 2 - 6) + -7
-14
What is (3 - (0 - -1)) + -7 + (2 - 18)?
-21
Calculate (4 - -14) + -6 + 1 + -2.
11
What is the value of -10 + (-22 - -63) + -32?
-1
(17 - (0 - 0)) + (1188 - 1194)
11
What is (2 - 35) + -18 + 70 + -41?
-22
What is 6 + 1 - (-5 + (7 - 0) + -7)?
12
-30 + 41 + -14 + 3
0
What is -14 + (3 - -20) - -1?
10
-2 - (5 - (-5 + 11 + -9)) - -21
11
What is the value of -5 + 27 - (-17 - -24)?
15
Calculate -3 + -8 - -3 - -19.
11
Evaluate -9 + (1 - (2 - 2)) + 5.
-3
What is the value of -15 + (6 - 15 - (1 + -19))?
-6
What is 10 - (22 - (-10 - -17))?
-5
-115 - -77 - 5 - (1 - 5)
-39
-4 - ((2 - 4) + 3 + -1)
-4
What is the value of (10 - (15 + 1)) + (-7 - 2)?
-15
What is the value of 12 + 0 + (8 - 18) + -11?
-9
-8 + 11 - ((16 - 8) + 17)
-22
19 + -18 + -1 - -15
15
Evaluate -15 + -2 - ((-2 + -3 - -6) + -4).
-14
What is -2 - -5 - (-31 + 23) - 2?
9
3 + -5 - (-9 + 7 - 3) - 10
-7
Evaluate 14 + -10 + 4 + 1 + -9.
0
(1 - 5) + 0 + 2 + 10 - 12
-4
Evaluate 8 + -22 + 10 + 18.
14
(-3 - 16 - -12) + (-3 - 0)
-10
Evaluate -39 - (-5 + -48) - 49.
-35
What is 0 - ((11 - 4 - 7) + 8)?
-8
11 + -1 + (-117 - -119)
12
What is -35 - (-14 + -10 - -13)?
-24
Calculate -1 - 10 - (4 - 8 - 7).
0
What is (7 - (13 - 2)) + 9 + 5 + 4?
14
What is the value of 18 - ((1 - 1) + 10 + 0)?
8
What is the value of (30 - 29 - (-2 - 0)) + (2 - 17)?
-12
What is (-18 - (-12 + 1)) + -7 + 7?
-7
What is (-11 - -11) + 1 + -1?
0
What is the value of -13 + 19 + -8 + 16?
14
What is the value of -1 + (-1 + (-6 - (3 + -2)) - -7)?
-2
Calculate (30 - 11) + -5 + -15.
-1
(-88 - -95 - (1 - -1)) + (8 - 1)
12
What is the value of 1 - (-2 + 9 + -17)?
11
What is the value of -5 + -19 + 25 - 15?
-14
What is the value of -9 + (9 - -3 - 8)?
-5
-4 + 13 + 45 + -41
13
Calculate (4 + -2 - 1) + (8 - 10).
-1
Evaluate 1 + -3 - 7 - (-2 + (-20 - -5)).
8
Calculate 2 + 9 + (8 - 4) + -6.
9
Evaluate (13 - (12 + -3)) + -10.
-6
Calculate 27 + (-4 + 4 + -11 + 16 - -6).
38
Calculate -15 + 15 - (4 - (3 - -17)) - 5.
11
What is the value of (4 - 4) + (-16 - -20) + -1?
3
What is -18 - (-3 - (10 - 9) - -11)?
-25
Evaluate 38 + (22 - 37) + -4.
19
What is the value of (-7 - -5) + (1 + 4 - -2)?
5
What is the value of (-6 + 2 - -7) + (-2 - (-8 + 13))?
-4
What is (5 - 13) + 18 + -15 + 13 + -3?
5
What is the value of -2 - ((17 - 11) + 7)?
-15
-987 - -984 - (1 - -1 - 1 - -9)
-13
-14 + 21 + -15 - (2 + 10 + -3)
-17
Calculate (0 + (3 - 12) - (-2 - 5)) + 0.
-2
Evaluate (0 - -9) + (-196 - -180) - (2 - 15).
6
What is the value of (-3 - 11) + 6 + 4 - (-3 - 23)?
22
What is 5 + -1 - (-7 + (1 - (-4 - -1)))?
7
What is the value of 1 + -12 + 3 + -6 + (1 - -7)?
-6
What is the value of (-26 - -22) + 0 + 2 + 9?
7
What is the value of 25 + (15 - 21) - 13?
6
What is the value of -130 + 102 - (-52 + -5)?
29
Evaluate 8 + (-3 - 2) + 30 + -15 + 1.
19
What is 1 - (-2 + -3) - (204 - 190)?
-8
Calculate -31 - -16 - (-26 - 0).
11
What is the value of (-8 + -1 - -3) + 20 + 9?
23
What is -5 + 0 - (-24 - -27) - 2?
-10
Evaluate 7 - (-11 + (5 + 8 - 12) + -2).
19
(-1 - (2 - 10)) + -4 + -5
-2
(6 - 1 - 1) + -39 + 33 + -13
-